hat are the prime factors of -3*((-80)/y + -1)?
43
Suppose z = 3*v + 15, -3*v - 11 - 16 = -2*z. Let r = 14 + z. What are the prime factors of r?
2, 13
Suppose 33 = 3*t - 2*b - 427, 0 = -2*t + 3*b + 310. Suppose 91 + 45 = 2*h - 5*u, -3*u + t = 2*h. What are the prime factors of h?
73
Let w = -12 + 15. Suppose 0*f = -w*f + 315. Suppose 0*h = 5*h - f. List the prime factors of h.
3, 7
Suppose -4*f + 2*f = -3*u, 0 = 2*f - u. Let o be 1 - ((2 - 1) + f). Suppose -5*c - 5*s + 85 = o, -2*c - 5*s = -7*c + 115. What are the prime factors of c?
2, 5
Suppose 0 = 5*c - 4*t - 5270, c - 3145 = -2*c - t. Suppose -11*j + c = -4*j. What are the prime factors of j?
2, 3, 5
Let m(q) = 10*q**2 - 4*q - 4. Let x = -20 - -18. List the prime factors of m(x).
2, 11
Suppose -14*g - 1065 = -19*g. List the prime factors of g.
3, 71
Let k = -1217 + 3103. What are the prime factors of k?
2, 23, 41
Suppose -2*y = -3*n - 5*y, 4*y = 3*n - 28. Suppose -n*f + 275 = 4*l - 213, 5*l - 2*f - 631 = 0. List the prime factors of l.
5
Let h = 66 + -212. Let u = -95 - h. List the prime factors of u.
3, 17
Let k(q) = 99*q**3 + 3*q**2 - 4*q - 9. List the prime factors of k(2).
787
Let r = 8 + -6. Suppose -p = 1 - r. List the prime factors of (p*3)/((-33)/(-319)).
29
Let q = -14 + 0. Let v = q + 16. Suppose -4*g + v*g + 60 = 0. List the prime factors of g.
2, 3, 5
Let c(h) = 1679*h**2 + 30*h + 31. What are the prime factors of c(-1)?
2, 3, 5, 7
Let s(w) = 1. Let d(f) = 33*f + 72. Let g(z) = -d(z) + 9*s(z). What are the prime factors of g(-12)?
3, 37
Let r(f) = -f + 27. Let g be r(23). Suppose -2*x + 344 = -q + 3*q, 0 = -g*x - 2*q + 698. List the prime factors of x.
3, 59
Let m = 8 + -20. Let g(j) = -j**3 - 12*j**2 + j + 1. Let n be g(m). Let q = n + 17. What are the prime factors of q?
2, 3
Suppose 3*r + 30 = 5*t + 8*r, t = 3*r + 18. Let a be (t/4)/((-2)/(-8)). Suppose -a*i = -3*i - 204. What are the prime factors of i?
2, 17
Let m = 21 + -20. Let w(t) = 492*t**2 - t + 1. Let z be w(m). Suppose -7*l + l = -z. List the prime factors of l.
2, 41
Let k(g) = 2*g**2 + g. Let m be k(-1). Suppose -m = -2*q + 5. Suppose 49 = 3*s - p, -7 = -q*s + 2*p + 46. List the prime factors of s.
3, 5
Let q = -17 - -5. What are the prime factors of (q/(-3 - -6))/(1/(-4))?
2
Let q = 209 + -88. Let f = -60 + q. What are the prime factors of f?
61
Let v be 1/(((-24)/(-237))/(-4))*2. List the prime factors of (-2 - v) + 0/10.
7, 11
Suppose -2 = -3*z + 19. Suppose 1 = 2*v - z. List the prime factors of (v - 25)*(-6)/21.
2, 3
Suppose 0 = -p + 795 - 229. List the prime factors of p.
2, 283
Suppose 14 - 84 = -5*i. Suppose 3*r = 3*k + r - i, 4 = 4*k + r. List the prime factors of k.
2
Let d(l) = l**3 + 11*l**2 - 19*l + 4. Let g = 140 + -151. List the prime factors of d(g).
3, 71
Suppose 11 = -2*n + 3*z, 0 = 3*n - 4*n - z + 7. Let w be 72/16 - n/(-4). Suppose 2*m = -w*u + 164, 0*m = 3*u - 4*m - 88. List the prime factors of u.
2
Let u(x) = -x**2 + x + 10. Let r be u(9). Let q = 23 - r. What are the prime factors of (-3)/(-4 - q/(-22))?
2, 11
Let d(a) = 18*a**3 - 2*a**2 + a - 10. What are the prime factors of d(3)?
461
What are the prime factors of (52 - 42) + (1 - -2237)?
2, 281
Let a = -23 + 29. Suppose -5*s + 2*s = -a. List the prime factors of -6 - -31 - (-2 + s).
5
Let j be 56/(-32) - (-2)/(-8). List the prime factors of 49/j*-1*2.
7
Let c = 37 - 25. List the prime factors of c.
2, 3
Let s(i) = -9 + i + 2*i + 0*i**2 - i**2 + 2*i**2. What are the prime factors of s(6)?
3, 5
Suppose 2*z - 10 = 0, -j + 6*z + 553 = z. List the prime factors of j.
2, 17
Suppose 6*c - c - 10 = 0. Suppose 130 = -3*i + 2*g + 353, 8 = c*g. What are the prime factors of i?
7, 11
Let p = 86 + -80. Suppose -4*g - 2*x = -328, g - p*g + 388 = -3*x. What are the prime factors of g?
2, 5
Let c(b) = -5*b + 29*b - 837 + 833. What are the prime factors of c(2)?
2, 11
Let r = -4 + 2. Let i(z) = 31*z + 6. Let k be i(r). What are the prime factors of 4/(-14) - 128/k?
2
Let f = -51 - -53. What are the prime factors of 25/(-5) - (-23 + f)?
2
Let y(d) = -4*d + 2. Let v be y(-13). Suppose -10*a = -13*a + v. What are the prime factors of a?
2, 3
Let i(a) = 5*a**2 + 5*a + 3. Let b(m) = m**2 - 5*m + 6. Let f be b(3). Let o(p) = -p**2 + p - 4. Let q be o(f). List the prime factors of i(q).
3, 7
Suppose -3*x + 12*x = 0. Suppose x = -3*j + 14 + 25. List the prime factors of j.
13
Let n(p) = 123*p**2 + 10*p - 6. What are the prime factors of n(2)?
2, 11, 23
Suppose 55 + 33 = 4*f. Let b = 60 - f. List the prime factors of b.
2, 19
Suppose 3*z - 7*z + 20 = 0. Suppose 11 = z*h - 4. What are the prime factors of (-3 - 0) + h - -39?
3, 13
Let o(f) = -5*f**2 - 10*f + 588. Let j(w) = 3*w**2 + 7*w - 392. Let i(n) = -8*j(n) - 5*o(n). List the prime factors of i(0).
2, 7
Let n = 12 + -15. Let q(h) = -h**3 - 4*h**2 - 5*h - 2. Let o be q(n). Suppose -z + 5*g + 63 = 0, 0 = 3*g - o*g - 2. List the prime factors of z.
53
Let o be (-3)/(1 - -8)*-114. Suppose o = 2*l - 54. Suppose -s = t - 13, -1 - l = -4*t - 3*s. What are the prime factors of t?
2
Suppose x = -593 + 1704. What are the prime factors of x?
11, 101
Suppose 36 = 4*m + 4*y - 2*y, 5*y = 5*m - 75. Suppose -m*c = -18*c + 154. What are the prime factors of c?
2, 11
Let u be 2/9 + 4648/63. Suppose -5*h + 136 + u = 0. Suppose 2*m - h - 24 = 0. What are the prime factors of m?
3, 11
Let a(z) = -4*z**3 - 8*z**2 + 4*z + 12. List the prime factors of a(-6).
2, 3, 47
Suppose -2*i + 116 = 2*i. Let c be 1/(1*(-1)/(-41)). Let v = c - i. List the prime factors of v.
2, 3
Suppose -14*j + 84 = -7756. List the prime factors of j.
2, 5, 7
Suppose 0 = s - f - 225, -2*s - 5*f = -s - 225. Let o = s - 113. List the prime factors of o.
2, 7
Suppose 5*a = -i + 49, 7*i = 2*i + 3*a + 245. Let g = -20 + i. List the prime factors of g.
29
Let t = 139 - 5. Suppose 4*i - 6*i = -t. List the prime factors of i.
67
Suppose 4*w + 0*w + 640 = 0. List the prime factors of 9/(-2)*w/15.
2, 3
Let b = -103 - -87. List the prime factors of (2264/b)/((-1)/2).
283
Suppose 0*g = 7*g + 84. Let k = g + 12. List the prime factors of (3 + -2 + k)*57.
3, 19
Let a(g) = -14*g + 55. Let i be a(-5). Suppose -5*j = -2*c + 68, -j - 23 = 3*c - i. What are the prime factors of c?
2, 17
Let c be 24*(-5)/(15/(-8)). Suppose 0*z + 2*z - 34 = 0. Let x = c - z. What are the prime factors of x?
47
Suppose -18*o = 6 - 24. Let p(f) = -50*f + 4. Let u(v) = -99*v + 7. Let a(i) = 5*p(i) - 3*u(i). What are the prime factors of a(o)?
2, 23
Let m be 4*-2 - 3 - -1. Let r = m + 9. List the prime factors of 5*r*(-20)/25.
2
Suppose 2851 = 4*f + 5*o, -2*f + 10*o + 1429 = 9*o. List the prime factors of f.
2, 3, 7, 17
Let r(b) = 7*b**2 - 10*b - 21. What are the prime factors of r(10)?
3, 193
Suppose 32*b - 4878 = 1586. List the prime factors of b.
2, 101
Let w(k) = -k**3 + 8*k + 12. Let a be w(-8). Suppose 5*o - 5*m = a, 12 = -5*m + 2*m. Suppose l + 3*l = o. What are the prime factors of l?
2, 11
Let h be 4/(-20) - 1008/(-15). Let a = h - 16. What are the prime factors of a?
3, 17
Let k = -1265 - -2398. What are the prime factors of k?
11, 103
Let z be 2/3 - (-19)/3. Suppose 22 = 3*g + 4*m, 4*g = 2*m - z*m + 28. Suppose -g*n = -5*n + 9. List the prime factors of n.
3
Suppose 2*w = -i + 12, 6*w = 4*w + 3*i + 28. List the prime factors of w.
2
Let d(v) = 38*v - 2. Let m be d(9). Let n = -200 + m. Let f = -89 + n. List the prime factors of f.
3, 17
Let s(u) = -2*u**2 - 52*u + 25. Let q = -101 + 78. List the prime factors of s(q).
163
List the prime factors of ((-334)/4 + 4)*2/(-1).
3, 53
Let y(i) = 5*i. Let f be y(6). Let h = f - 28. What are the prime factors of (1 - h)*(-19 - 12)?
31
Let s(l) = 836*l - 185. List the prime factors of s(6).
4831
Suppose -14*v + 17*v - 2428 = -5*h, -2*h = -5*v + 4026. What are the prime factors of v?
2, 13, 31
Let m(g) = -17*g**3 - g**2 + 3*g. Suppose 5*o + 61 - 51 = 0. What are the prime factors of m(o)?
2, 3, 7
What are the prime factors of (1 - 0) + (-12 - -1329)?
2, 659
Let m(n) = -4*n - 25. Let k be m(-7). Suppose y = -3*y - 4*h + 68, 32 = 2*y + k*h. What are the prime factors of y?
19
Suppose 0 = 3*u - 4*l - 6124, 2*l + 14 = 18. What are the prime factors of u?
2, 7, 73
Suppose 7*d - 8*d + 6 = 0. Suppose 1353 = d*r + 5*r. What are the prime factors of r?
3, 